hat are the prime factors of 1897060469?
31, 359, 373, 457
What are the prime factors of 29996452?
2, 151, 49663
List the prime factors of 434724371.
19661, 22111
What are the prime factors of 96134632?
2, 11, 409, 2671
List the prime factors of 193960230.
2, 3, 5, 97, 66653
List the prime factors of 29023068.
2, 3, 31, 61, 1279
List the prime factors of 1235023815.
3, 5, 83, 991987
What are the prime factors of 64976368?
2, 4061023
What are the prime factors of 5923568?
2, 7, 52889
List the prime factors of 2362148723.
11, 19, 113, 100019
List the prime factors of 455079055.
5, 91015811
List the prime factors of 3826071610.
2, 5, 19, 137, 146987
List the prime factors of 437542699.
11, 39776609
What are the prime factors of 171489696?
2, 3, 7, 255193
What are the prime factors of 4525025658?
2, 3, 23, 4259, 7699
List the prime factors of 32227875.
3, 5, 1061
List the prime factors of 39086855.
5, 109, 71719
What are the prime factors of 8324031?
3, 2774677
List the prime factors of 952852437.
3, 43, 97, 8461
List the prime factors of 47421153.
3, 13, 167, 809
What are the prime factors of 4464377759?
14551, 306809
List the prime factors of 31163037.
3, 10387679
What are the prime factors of 1109835450?
2, 3, 5, 79, 31219
List the prime factors of 62712980.
2, 5, 11, 197, 1447
List the prime factors of 4237512322.
2, 73, 89, 326113
List the prime factors of 5805162497.
43, 135003779
What are the prime factors of 3526227131?
7, 29, 281, 8831
List the prime factors of 107685584.
2, 29, 232081
List the prime factors of 93912928.
2, 103, 28493
List the prime factors of 689503220.
2, 5, 7, 4925023
What are the prime factors of 2774541310?
2, 5, 19, 768571
What are the prime factors of 5523656086?
2, 13, 1097, 193663
What are the prime factors of 64381668?
2, 3, 13, 31, 13313
List the prime factors of 100048789.
53, 1887713
What are the prime factors of 53640304?
2, 17, 197207
What are the prime factors of 11872295?
5, 103, 23053
What are the prime factors of 83403178?
2, 3461, 12049
List the prime factors of 3799081575.
3, 5, 397, 14177
What are the prime factors of 33364436?
2, 7, 271, 4397
List the prime factors of 33368192.
2, 11, 13, 1823
List the prime factors of 19258697.
29, 149, 4457
List the prime factors of 55012156.
2, 13753039
What are the prime factors of 669502293?
3, 223167431
List the prime factors of 4647978503.
7, 83, 7999963
List the prime factors of 163688053.
17, 9628709
What are the prime factors of 320325789?
3, 7, 773, 2819
What are the prime factors of 18141147?
3, 41, 211, 233
What are the prime factors of 459923?
459923
What are the prime factors of 4337284?
2, 7, 22129
What are the prime factors of 1727058759?
3, 575686253
What are the prime factors of 37806661?
37806661
What are the prime factors of 10577074?
2, 97, 54521
List the prime factors of 29588881.
7, 1579, 2677
List the prime factors of 481817228.
2, 73, 1650059
List the prime factors of 7895880945.
3, 5, 17, 877, 3923
What are the prime factors of 524425096?
2, 13, 29, 41, 4241
List the prime factors of 722205393.
3, 7, 13, 179, 14779
List the prime factors of 6298070793.
3, 7, 83, 516193
List the prime factors of 58893187.
43, 347, 3947
List the prime factors of 139775672.
2, 4159, 4201
List the prime factors of 47332308.
2, 3, 3944359
List the prime factors of 5546073776.
2, 1889, 183499
What are the prime factors of 6164098075?
5, 246563923
What are the prime factors of 50064591?
3, 61, 79, 3463
List the prime factors of 62514984.
2, 3, 7, 17, 53, 59
What are the prime factors of 47291780?
2, 5, 2364589
List the prime factors of 283529804.
2, 499, 142049
List the prime factors of 75022853.
17, 977, 4517
What are the prime factors of 451202558?
2, 225601279
What are the prime factors of 32487880?
2, 5, 379, 2143
List the prime factors of 556808724.
2, 3, 59, 262151
List the prime factors of 35748181.
7, 919, 5557
What are the prime factors of 1098727871?
23, 47770777
What are the prime factors of 111228232?
2, 13903529
What are the prime factors of 387581322?
2, 3, 64596887
What are the prime factors of 54907513?
54907513
What are the prime factors of 14820443?
11, 53, 2311
List the prime factors of 752987199.
3, 251, 999983
What are the prime factors of 56180116?
2, 14045029
List the prime factors of 726768746.
2, 11, 1013, 32611
What are the prime factors of 121420855?
5, 2357, 10303
List the prime factors of 366927879.
3, 461, 265313
List the prime factors of 110357713.
53, 83, 25087
List the prime factors of 36440356.
2, 29, 137, 2293
What are the prime factors of 1337395104?
2, 3, 19, 257, 317
What are the prime factors of 37244213?
53, 702721
What are the prime factors of 24930430?
2, 5, 7, 29, 12281
What are the prime factors of 767070008?
2, 193, 263, 1889
List the prime factors of 40674409.
71, 572879
What are the prime factors of 4640053098?
2, 3, 47, 350087
List the prime factors of 1571481351.
3, 11, 79, 66977
List the prime factors of 277332917.
17, 16313701
What are the prime factors of 887146989?
3, 17, 17395039
What are the prime factors of 690717780?
2, 3, 5, 142123
What are the prime factors of 1492743705?
3, 5, 99516247
What are the prime factors of 18267807?
3, 127, 47947
List the prime factors of 8458328.
2, 1057291
What are the prime factors of 3905258?
2, 7, 278947
List the prime factors of 84529782.
2, 3, 41, 47, 2437
What are the prime factors of 1057914318?
2, 3, 17, 127, 81667
What are the prime factors of 22662892?
2, 7, 43, 2689
What are the prime factors of 62471906?
2, 7, 17, 71, 3697
What are the prime factors of 284570627?
11, 41, 71, 8887
List the prime factors of 553557532.
2, 11, 1553, 8101
What are the prime factors of 5169702723?
3, 19, 90696539
What are the prime factors of 351847689?
3, 37, 863, 3673
What are the prime factors of 463589612?
2, 131, 479, 1847
What are the prime factors of 54530177?
13, 151, 27779
List the prime factors of 76100607.
3, 11, 89, 2879
List the prime factors of 1988893411.
569, 1367, 2557
What are the prime factors of 724354635?
3, 5, 48290309
What are the prime factors of 403718376?
2, 3, 16821599
List the prime factors of 14597391.
3, 4865797
List the prime factors of 191916002.
2, 23, 4172087
List the prime factors of 840521105.
5, 168104221
What are the prime factors of 3958102?
2, 1979051
List the prime factors of 839204030.
2, 5, 7, 29, 37, 11173
List the prime factors of 2141676300.
2, 3, 5, 709, 10069
List the prime factors of 1925083843.
191, 10078973
List the prime factors of 346624992.
2, 3, 7, 171937
What are the prime factors of 1661286473?
7, 11, 21575149
What are the prime factors of 737309328?
2, 3, 7, 199, 11027
What are the prime factors of 88393191?
3, 3203, 9199
List the prime factors of 2705412277.
293, 9233489
List the prime factors of 1645397403.
3, 13, 653, 64609
List the prime factors of 205484630.
2, 5, 13, 1580651
List the prime factors of 3375962085.
3, 5, 17, 19, 696793
List the prime factors of 285059566.
2, 11, 12957253
List the prime factors of 107547092.
2, 47, 572059
What are the prime factors of 729778729?
47, 59, 89, 2957
What are the prime factors of 115806847?
13, 307, 29017
What are the prime factors of 3051747?
3, 107, 3169
List the prime factors of 347102946.
2, 3, 19283497
What are the prime factors of 232534814?
2, 116267407
List the prime factors of 1215515791.
7, 173645113
What are the prime factors of 527138663?
31, 17004473
What are the prime factors of 181801747?
19, 283, 33811
What are the prime factors of 2219537?
17, 137, 953
What are the prime factors of 1978775084?
2, 11, 13, 73, 47389
List the prime factors of 242571651.
3, 7, 19, 127, 4787
List the prime factors of 1917496191.
3, 13, 49166569
List the prime factors of 2651321936.
2, 263, 630067
List the prime factors of 133808171.
7, 479, 5701
List the prime factors of 30313567.
17, 31, 97, 593
List the prime factors of 220974901.
7, 167, 421, 449
What are the prime factors of 18677596?
2, 7, 647, 1031
List the prime factors of 129839834.
2, 283, 229399
List the prime factors of 232532328.
2, 3, 7, 1384121
What are the prime factors of 32889231?
3, 1741, 2099
What are the prime factors of 80265329?
19, 4224491
What are the prime factors of 130705660?
2, 5, 2393, 2731
What are the p